{"version":"1.0","provider_name":"IMO Oberfl\u00e4chentechnik GmbH","provider_url":"https:\/\/www.imo-gmbh.com\/en\/","title":"Azubimesse im CCP - IMO Oberfl\u00e4chentechnik GmbH","type":"rich","width":600,"height":338,"html":"<blockquote class=\"wp-embedded-content\" data-secret=\"8uH5o1atqP\"><a href=\"https:\/\/www.imo-gmbh.com\/en\/azubimesse-im-ccp\/\">Azubimesse im CCP<\/a><\/blockquote><iframe sandbox=\"allow-scripts\" security=\"restricted\" src=\"https:\/\/www.imo-gmbh.com\/en\/azubimesse-im-ccp\/embed\/#?secret=8uH5o1atqP\" width=\"600\" height=\"338\" title=\"&#8220;Azubimesse im CCP&#8221; &#8212; IMO Oberfl\u00e4chentechnik GmbH\" data-secret=\"8uH5o1atqP\" frameborder=\"0\" marginwidth=\"0\" marginheight=\"0\" scrolling=\"no\" class=\"wp-embedded-content\"><\/iframe><script>\n\/*! This file is auto-generated *\/\n!function(d,l){\"use strict\";l.querySelector&&d.addEventListener&&\"undefined\"!=typeof URL&&(d.wp=d.wp||{},d.wp.receiveEmbedMessage||(d.wp.receiveEmbedMessage=function(e){var t=e.data;if((t||t.secret||t.message||t.value)&&!\/[^a-zA-Z0-9]\/.test(t.secret)){for(var s,r,n,a=l.querySelectorAll('iframe[data-secret=\"'+t.secret+'\"]'),o=l.querySelectorAll('blockquote[data-secret=\"'+t.secret+'\"]'),c=new RegExp(\"^https?:$\",\"i\"),i=0;i<o.length;i++)o[i].style.display=\"none\";for(i=0;i<a.length;i++)s=a[i],e.source===s.contentWindow&&(s.removeAttribute(\"style\"),\"height\"===t.message?(1e3<(r=parseInt(t.value,10))?r=1e3:~~r<200&&(r=200),s.height=r):\"link\"===t.message&&(r=new URL(s.getAttribute(\"src\")),n=new URL(t.value),c.test(n.protocol))&&n.host===r.host&&l.activeElement===s&&(d.top.location.href=t.value))}},d.addEventListener(\"message\",d.wp.receiveEmbedMessage,!1),l.addEventListener(\"DOMContentLoaded\",function(){for(var e,t,s=l.querySelectorAll(\"iframe.wp-embedded-content\"),r=0;r<s.length;r++)(t=(e=s[r]).getAttribute(\"data-secret\"))||(t=Math.random().toString(36).substring(2,12),e.src+=\"#?secret=\"+t,e.setAttribute(\"data-secret\",t)),e.contentWindow.postMessage({message:\"ready\",secret:t},\"*\")},!1)))}(window,document);\n\/\/# sourceURL=https:\/\/www.imo-gmbh.com\/wp-includes\/js\/wp-embed.min.js\n<\/script>\n","thumbnail_url":"https:\/\/www.imo-gmbh.com\/wp-content\/uploads\/2023\/07\/Azubimesse_CCP2023_Beitragsbild.jpg","thumbnail_width":800,"thumbnail_height":600,"description":"Wo trifft man die Fachkr\u00e4fte von morgen? Auf Ausbildungsmessen! Mit einem eigenen IMO-Stand, im neuen Messeoutfit und mit richtig coolen Sonnenbrillen im Gep\u00e4ck waren unsere Azubis am 1. Juli auf der Messe \u201eBeruf aktuell\u201c vertreten. Gemeinsam mit ihren Ausbildern Hubert Maisenbacher und Philipp Kiseljak pr\u00e4sentierten sie die vielf\u00e4ltigen M\u00f6glichkeiten der Ausbildung bei IMO."}

IMO Oberflächentechnik GmbH

Azubimesse im CCP - IMO Oberflächentechnik GmbH

<blockquote class="wp-embedded-content" data-secret="8uH5o1atqP"><a href="https://www.imo-gmbh.com/en/azubimesse-im-ccp/">Azubimesse im CCP</a></blockquote><iframe sandbox="allow-scripts" security="restricted" src="https://www.imo-gmbh.com/en/azubimesse-im-ccp/embed/#?secret=8uH5o1atqP" width="600" height="338" title="&#8220;Azubimesse im CCP&#8221; &#8212; IMO Oberflächentechnik GmbH" data-secret="8uH5o1atqP" frameborder="0" marginwidth="0" marginheight="0" scrolling="no" class="wp-embedded-content"></iframe><script>
/*! This file is auto-generated */
!function(d,l){"use strict";l.querySelector&&d.addEventListener&&"undefined"!=typeof URL&&(d.wp=d.wp||{},d.wp.receiveEmbedMessage||(d.wp.receiveEmbedMessage=function(e){var t=e.data;if((t||t.secret||t.message||t.value)&&!/[^a-zA-Z0-9]/.test(t.secret)){for(var s,r,n,a=l.querySelectorAll('iframe[data-secret="'+t.secret+'"]'),o=l.querySelectorAll('blockquote[data-secret="'+t.secret+'"]'),c=new RegExp("^https?:$","i"),i=0;i<o.length;i++)o[i].style.display="none";for(i=0;i<a.length;i++)s=a[i],e.source===s.contentWindow&&(s.removeAttribute("style"),"height"===t.message?(1e3<(r=parseInt(t.value,10))?r=1e3:~~r<200&&(r=200),s.height=r):"link"===t.message&&(r=new URL(s.getAttribute("src")),n=new URL(t.value),c.test(n.protocol))&&n.host===r.host&&l.activeElement===s&&(d.top.location.href=t.value))}},d.addEventListener("message",d.wp.receiveEmbedMessage,!1),l.addEventListener("DOMContentLoaded",function(){for(var e,t,s=l.querySelectorAll("iframe.wp-embedded-content"),r=0;r<s.length;r++)(t=(e=s[r]).getAttribute("data-secret"))||(t=Math.random().toString(36).substring(2,12),e.src+="#?secret="+t,e.setAttribute("data-secret",t)),e.contentWindow.postMessage({message:"ready",secret:t},"*")},!1)))}(window,document);
//# sourceURL=https://www.imo-gmbh.com/wp-includes/js/wp-embed.min.js
</script>

Wo trifft man die Fachkräfte von morgen? Auf Ausbildungsmessen! Mit einem eigenen IMO-Stand, im neuen Messeoutfit und mit richtig coolen Sonnenbrillen im Gepäck waren unsere Azubis am 1. Juli auf der Messe „Beruf aktuell“ vertreten. Gemeinsam mit ihren Ausbildern Hubert Maisenbacher und Philipp Kiseljak präsentierten sie die vielfältigen Möglichkeiten der Ausbildung bei IMO.
